 millions digit of 5138165608?
8
What is the ten millions digit of 77080599?
7
What is the tens digit of 494607409?
0
What is the billions digit of 1537907440?
1
What is the thousands digit of 36309234?
9
What is the ten millions digit of 18147737?
1
What is the ten millions digit of 31421367?
3
What is the hundreds digit of 490833501?
5
What is the tens digit of 2589148822?
2
What is the ten millions digit of 418044387?
1
What is the millions digit of 303939234?
3
What is the tens digit of 212687383?
8
What is the thousands digit of 5350761321?
1
What is the tens digit of 7287947682?
8
What is the ten millions digit of 91725003?
9
What is the units digit of 7342635?
5
What is the tens digit of 342573266?
6
What is the units digit of 60357776?
6
What is the millions digit of 118818858?
8
What is the hundred thousands digit of 42872597?
8
What is the ten millions digit of 5075916840?
7
What is the billions digit of 1157457882?
1
What is the millions digit of 1396731272?
6
What is the units digit of 959674850?
0
What is the units digit of 404777788?
8
What is the millions digit of 530536242?
0
What is the ten thousands digit of 39147633?
4
What is the hundreds digit of 52318807?
8
What is the units digit of 143270338?
8
What is the billions digit of 2975969775?
2
What is the millions digit of 1413691878?
3
What is the tens digit of 355259358?
5
What is the ten millions digit of 395226141?
9
What is the thousands digit of 15111441?
1
What is the hundred thousands digit of 13290903?
2
What is the tens digit of 73347304?
0
What is the ten thousands digit of 308116387?
1
What is the thousands digit of 61764857?
4
What is the hundreds digit of 282100638?
6
What is the hundred millions digit of 656550600?
6
What is the ten millions digit of 751784077?
5
What is the ten millions digit of 172596567?
7
What is the tens digit of 14650850?
5
What is the hundreds digit of 42744812?
8
What is the hundred millions digit of 1637272657?
6
What is the billions digit of 4964690097?
4
What is the hundred millions digit of 956680262?
9
What is the thousands digit of 4577470095?
0
What is the hundred thousands digit of 137241724?
2
What is the hundreds digit of 99494350?
3
What is the millions digit of 62858980?
2
What is the hundred millions digit of 263719309?
2
What is the ten millions digit of 952158122?
5
What is the hundreds digit of 348314465?
4
What is the hundred thousands digit of 45513225?
5
What is the millions digit of 435820457?
5
What is the thousands digit of 134629987?
9
What is the units digit of 33021010?
0
What is the ten thousands digit of 269025411?
2
What is the thousands digit of 126166645?
6
What is the hundred thousands digit of 168435101?
4
What is the units digit of 29219490?
0
What is the hundred thousands digit of 64742357?
7
What is the millions digit of 1066575018?
6
What is the ten thousands digit of 35069574?
6
What is the thousands digit of 3086523662?
3
What is the ten millions digit of 44917079?
4
What is the hundred millions digit of 364617705?
3
What is the millions digit of 58659513?
8
What is the tens digit of 231959337?
3
What is the hundreds digit of 93609168?
1
What is the hundreds digit of 23230912?
9
What is the thousands digit of 106361772?
1
What is the units digit of 79997812?
2
What is the tens digit of 579359222?
2
What is the ten millions digit of 609697583?
0
What is the hundred thousands digit of 56256908?
2
What is the units digit of 134531698?
8
What is the hundred thousands digit of 165667009?
6
What is the hundred thousands digit of 98121146?
1
What is the ten thousands digit of 342033545?
3
What is the hundreds digit of 4385778861?
8
What is the units digit of 108304196?
6
What is the hundred millions digit of 278832873?
2
What is the ten thousands digit of 430023764?
2
What is the hundred millions digit of 1959638704?
9
What is the billions digit of 2025227765?
2
What is the millions digit of 3443866701?
3
What is the units digit of 74236755?
5
What is the millions digit of 45565907?
5
What is the ten millions digit of 86985177?
8
What is the hundreds digit of 119176830?
8
What is the tens digit of 1700920478?
7
What is the ten millions digit of 72248403?
7
What is the thousands digit of 55390084?
0
What is the units digit of 648134903?
3
What is the tens digit of 22869165?
6
What is the hundreds digit of 1541558787?
7
What is the ten millions digit of 892374550?
9
What is the ten millions digit of 2600534211?
0
What is the ten millions digit of 471422953?
7
What is the hundred millions digit of 1234859622?
2
What is the ten millions digit of 3374603612?
7
What is the hundred thousands digit of 3580021540?
0
What is the millions digit of 996633345?
6
What is the tens digit of 2915094718?
1
What is the units digit of 48727099?
9
What is the units digit of 242632708?
8
What is the ten millions digit of 331442658?
3
What is the hundred thousands digit of 32697677?
6
What is the hundred thousands digit of 206287980?
2
What is the tens digit of 1177069893?
9
What is the tens digit of 288031736?
3
What is the units digit of 2999907359?
9
What is the hundred millions digit of 1266050806?
2
What is the millions digit of 1506494763?
6
What is the units digit of 34869434?
4
What is the tens digit of 4610671895?
9
What is the ten thousands digit of 2580046018?
4
What is the thousands digit of 51618991?
8
What is the units digit of 213594088?
8
What is the units digit of 113332403?
3
What is the ten thousands digit of 62475895?
7
What is the hundred millions digit of 213068822?
2
What is the hundreds digit of 160798353?
3
What is the hundreds digit of 12682154?
1
What is the thousands digit of 2970621861?
1
What is the ten thousands digit of 34571308?
7
What is the millions digit of 2285483404?
5
What is the tens digit of 772004691?
9
What is the hundred millions digit of 162715259?
1
What is the hundreds digit of 4435051144?
1
What is the tens digit of 972503401?
0
What is the thousands digit of 1775648212?
8
What is the thousands digit of 1321879813?
9
What is the hundred thousands digit of 29398503?
3
What is the tens digit of 398558523?
2
What is the units digit of 7300947?
7
What is the millions digit of 685197815?
5
What is the hundred thousands digit of 70191125?
1
What is the hundreds digit of 33839273?
2
What is the hundred thousands digit of 1695946021?
9
What is the ten thousands digit of 1132430209?
3
What is the ten thousands digit of 36412450?
1
What is the ten millions digit of 196636684?
9
What is the billions digit of 1722659162?
1
What is the ten millions digit of 53614748?
5
What is the units digit of 912902075?
5
What is the tens digit of 124987539?
3
What is the hundreds digit of 33411640?
6
What is the hundred millions digit of 650863276?
6
What is the ten thousands digit of 24834038?
3
What is the thousands digit of 4493203?
3
What is the hundred millions digit of 214481663?
2
What is the hundred thousands digit of 86451591?
4
What is the ten millions digit of 2579141328?
7
What is the ten thousands digit of 1990892762?
9
What is the thousands digit of 93009085?
9
What is the hundred millions digit of 1487373361?
4
What is the ten thousands digit of 163417985?
1
What is the thousands digit of 5019377417?
7
What is the units digit of 53060854?
4
What is the ten millions digit of 38003998?
3
What is the units digit of 448394169?
9
What is the millions digit of 1572165285?
2
What is the millions digit of 16888692?
6
What is the units digit of 1690040884?
4
What is the ten thousands digit of 1293980655?
8
What is the ten thousands digit of 2690592959?
9
What is the ten millions digit of 4261820570?
6
What is the tens digit of 33505583?
8
What is the ten thousands digit of 59983305?
8
What is the thousands digit of 2510352095?
2
What is the units digit of 31637224?
4
What is the ten thousands digit of 134940880?
4
What is the ten thousands digit of 289373590?
7
What is the units digit of 285689787?
7
What is the hundred thousands digit of 274469474?
4
What is the hundreds digit of 35547985?
9
What is the hundreds digit of 165026842?
8
What is the thousands digit of 3706119979?
9
What is the hundreds digit of 2710706668?
6
What is the units digit of 455234963?
3
What is the millions digit of 72037